emainder when 85 is divided by j.
19
Calculate the remainder when 46 is divided by (-6 + -1)*22/(-154) + 15.
14
Let y = 562 + -556. Calculate the remainder when 169 is divided by y.
1
Let b = -21 - -52. What is the remainder when 19 + 1596/21 - 5*1 is divided by b?
28
Let m = -15 + 9. What is the remainder when (m/30)/((-4)/940) is divided by 25?
22
Let l(k) = -2 + 7 + 15*k**2 - 18 + 12. Suppose 0 = 2*j - 5*x + 2, -4*x = 4*j + 4 - 0. What is the remainder when 54 is divided by l(j)?
12
Let p(n) = n**3 - 10*n**2 + 9*n + 4. Let t be p(9). Suppose 2*g + 475 = 7*g - t*i, 0 = -2*i - 10. What is the remainder when g is divided by 23?
22
Suppose -25*a + 604 = -771. What is the remainder when 1319 is divided by a?
54
Let h(o) = o**3 - 39*o**2 + o + 1. What is the remainder when 59 is divided by h(39)?
19
What is the remainder when (-1 - -5)*(9 - (-5583)/12) is divided by 100?
97
Let p = -6 + 11. Suppose -2*g - p = 25. Let k = g - -22. What is the remainder when 34 is divided by k?
6
Let x(y) = 3*y**2 + 76*y + 52. What is the remainder when 115 is divided by x(-25)?
7
Suppose 0 = 5*i - 2*w - 202, 17*i + 198 = 22*i - 3*w. Calculate the remainder when i is divided by 1/(-5) - (-122)/10.
6
Let u(p) = -12*p + 2. Let a = 8 - 38. Let s be (4/(-6))/((-4)/a). Calculate the remainder when u(s) is divided by 16.
14
Suppose 0 = 3*s - 9, s - 3*s - 63 = -3*h. Let i = 23 - 27. Calculate the remainder when (i - (-1 + -96)) + -2 is divided by h.
22
Let a be (282/4)/(18/24). Let z = -34 + a. Calculate the remainder when z is divided by 31.
29
Suppose 0 = -2*v + 5*h + 82, 4*v - h + 5*h = 108. What is the remainder when v is divided by 2?
1
Let l be (-2 - (-26)/10) + 1854/(-90). Calculate the remainder when ((-6)/4 + -3)/(3/l) is divided by 18.
12
Let q(k) = 10*k + 123. Let v be q(-8). Let x be -1 + 1 - 1*8. Let j = v - x. What is the remainder when j is divided by 18?
15
Let v(w) = 9*w**2 - 2*w - 1. Let i(o) = -o**2 - 10*o - 10. Let b be i(-9). What is the remainder when 19 is divided by v(b)?
9
Let o = -1558 + 1618. Calculate the remainder when 67 is divided by o.
7
Let r be (-5)/((2 - 3)/1). Suppose r*k - 74 = 176. Calculate the remainder when k is divided by 17.
16
Suppose 0 = -2*d - d - 15. Let n(m) = -m**3 - 5*m**2. Let k be n(d). Suppose k = -8*b + 3*b + 90. What is the remainder when b is divided by 7?
4
Let x = -57 + 92. What is the remainder when x is divided by 2?
1
Let a(q) = -12*q + 81. What is the remainder when a(-29) is divided by 86?
85
Let y(j) = 2*j**2 + 17*j - 18. Suppose 0 = 3*s - w - 437, 0 = 3*s + 4*w - 264 - 193. What is the remainder when s is divided by y(-11)?
36
Suppose 0 = -x - 2*l - 1 + 10, -l + 29 = 4*x. Suppose -x*p = -3*p - 188. What is the remainder when p is divided by 26?
21
Let o(y) = 6*y - 31. Suppose 0 = 3*h - 15, 4 = r - h + 3. Suppose -2*c - 356 = -r*c. What is the remainder when c is divided by o(9)?
20
What is the remainder when 191 is divided by (8/(-6) - (-35)/15)*21?
2
Let d = -48 + 85. Let s = -123 + 175. Suppose 4*t - f - 44 = -0*f, -4*t + 3*f + s = 0. What is the remainder when d is divided by t?
7
Suppose 60 = -n - n. Let a = n + 75. What is the remainder when a is divided by (12/(-5))/(3/(-20))?
13
Suppose -2*k + 4*t = -6*k + 56, -3*k = -t - 34. Calculate the remainder when 42 is divided by k.
6
Suppose -2*w - 4 = 2. Let q(s) = 6*s**2 + 13*s - 5. What is the remainder when 19 is divided by q(w)?
9
Let v = 288 + -191. Suppose -2*m = 3*u - 0*m - v, u + 2*m = 35. What is the remainder when u is divided by 17?
14
Let v = -9 - -72. Let k be 6/9 - 39/(-9). Calculate the remainder when v is divided by 12/60 + 109/k.
19
Let t be (-6)/8*(-1 + -7). Suppose -4*r = -r + t. Calculate the remainder when 29 is divided by (2/3)/(r/(-45)).
14
Let u be (0 - 1)/((-2)/12). Calculate the remainder when (-3)/9 + 278/u is divided by (-3)/4 - (3 - 581/28).
12
Suppose 8 = -2*o, v - 4*o - 148 = -2*v. What is the remainder when v is divided by 18 + 6*(-2)/4?
14
Let u(p) = 2*p**2 + 3*p + 2. Let b be u(-2). Suppose 51 = b*i - i. Calculate the remainder when i is divided by 6.
5
Suppose 5*a = -5*s + 315, -5*a - 3*s + 88 + 225 = 0. Calculate the remainder when 119 is divided by a.
57
Suppose -6*j = -2*j + 32. Let v(q) = -26*q + 15 + 0 + 50*q - 23*q. What is the remainder when 26 is divided by v(j)?
5
Let b = -14 - -27. Let j = 24 - b. What is the remainder when 21 is divided by j?
10
Suppose 37*r = 9*r + 1176. Calculate the remainder when r is divided by 22.
20
Let q = -7 + 48. Calculate the remainder when q is divided by 14.
13
Let m = 49 - 46. Suppose 27 - 15 = 3*g. Calculate the remainder when g is divided by m.
1
Let s be (3 - (0 + -11)) + 1. Suppose 0 = -3*y - s, b - 191 = -4*y + 2*y. Suppose 0 = -3*g + 153 + b. Calculate the remainder when g is divided by 30.
28
Let w(o) = 6*o + 64. Calculate the remainder when w(-8) is divided by 1*2*(5 + 0).
6
Let c(r) = r + 43. Let a be (-6 + 13)*(-18)/7. Calculate the remainder when 72 is divided by c(a).
22
Suppose -z = 11*l - 7*l - 339, 3*l + 2*z - 248 = 0. Calculate the remainder when l is divided by 11.
9
Let p(z) = 20*z - 221. What is the remainder when p(19) is divided by 10?
9
Let o(r) = 3*r - 21. Let x(a) = 7*a - 42. Let v(z) = -5*o(z) + 2*x(z). Let j = 3 + 9. Calculate the remainder when v(j) is divided by 3.
0
Let t be (1 - 0)*-1 - 0. Let n be t - -1 - (-63 - 12). Suppose n = 5*u - 5. Calculate the remainder when 44 is divided by u.
12
Suppose 8*z - 50 = 294. Calculate the remainder when 128 is divided by z.
42
Let c(s) = -s**2 + 8*s + 18. Let l be 85/20 + 3 - (-2)/(-8). Calculate the remainder when c(l) is divided by 13.
12
Let p be -3 + 4 + 1*-6 + 3. What is the remainder when (21 - -1)/p*-8 is divided by 30?
28
Let f = -137 + 158. What is the remainder when 230 is divided by f?
20
Let r = 35 + -32. Suppose 3*j + 69 = -3*m - 66, -r*m - 175 = -5*j. Calculate the remainder when 27 is divided by ((-15)/25)/(2/m).
12
Let s(d) = -18*d - 114. Calculate the remainder when 92 is divided by s(-7).
8
Suppose 2*m = -3*a + 49, 24 = 3*a - 3*m - 0. Suppose 4*p + p = 15. Suppose 26 + a = p*b. What is the remainder when 51 is divided by b?
12
Suppose -44 = -3*i - i. Calculate the remainder when i is divided by 3.
2
Let s = 687 + 506. Calculate the remainder when s is divided by 92.
89
Let a(h) = h**3 + 12*h**2 + 7*h - 27. Calculate the remainder when 48 is divided by a(-11).
14
Let b(k) = -8*k - 10. Calculate the remainder when 34 is divided by b(-2).
4
Let m(a) = -8*a - 150. What is the remainder when m(-22) is divided by 7?
5
Let c be 3/(-5) + 34818/105. Suppose -c = -5*p + 4. Calculate the remainder when p is divided by 23.
21
Suppose 19*y - 302 = 17*y. What is the remainder when y is divided by 39?
34
Suppose -4*t - 409 + 1527 = 5*z, -z = -2. Calculate the remainder when t is divided by 47.
42
Let n(h) = -h**2 + 59*h + 124. Calculate the remainder when 19/3 + (-4)/(-6) is divided by n(61).
1
Suppose 0 = 3*o - 4*q - 126, -7*o + q + 210 = -2*o. What is the remainder when 209 is divided by o?
41
Let f be (608/(-28) + 2)*-7. Suppose -5*u - 4*k = -f, 2*k - 3*k - 50 = -2*u. Calculate the remainder when 129 is divided by u.
25
Suppose 3*w + 4*i - 64 = 0, w + 16*i - 3 = 11*i. What is the remainder when w is divided by 8?
4
Suppose -9*x + 2*c + 62 = -6*x, -3*x + 64 = -4*c. What is the remainder when 75 is divided by x?
15
Suppose -14*l + 8*l - 372 = 0. What is the remainder when 5/(-3)*(l - 13) is divided by 21?
20
Let n = 374 - 370. What is the remainder when 34 is divided by n?
2
Suppose -3*y - 5*k + 73 = 0, 3*y - 7*y + 3*k = -78. What is the remainder when 54 is divided by y?
12
Let o = -24 - -14. Let y(i) = -i**2 - 12*i + 18. Calculate the remainder when y(o) is divided by 10.
8
Let y = -9 - -9. Suppose y*h + 4 = -4*h. What is the remainder when 23 is divided by 4 + (h - -3 - 0)?
5
Calculate the remainder when (6225/20)/(-15)*-12 is divided by 84.
81
Suppose 0*k - k + 454 = 0. Suppose -4*a + 126 = 5*v, -2*a + 5*v = -3*a + 39. What is the remainder when k/8 + (-4)/(-16) is divided by a?
28
Let i = -31 - -53. Calculate the remainder when 65 is divided by i - (0 + 1 - 1).
21
Suppose -2*o = 2*o - 4. Let f = -33 - -69. What is the remainder when f is divided by o/(-2) - (-108)/8?
10
Let i(x) = -x**2 - 11*x + 20. 